6263 + -3?
16260
In base 15, what is 3 + 144?
147
In base 5, what is 200203 + -1?
200202
In base 12, what is -367 + -20?
-387
In base 6, what is 20 + 132?
152
In base 7, what is 4364 - -3?
4400
In base 6, what is 4 - 1421?
-1413
In base 4, what is -113233 + 10?
-113223
In base 11, what is -a + -7?
-16
In base 11, what is -20 - -2?
-19
In base 14, what is -5 - 2b?
-32
In base 16, what is -5 + 23?
1e
In base 11, what is 0 - -37?
37
In base 3, what is 11201102 - 0?
11201102
In base 16, what is -5 - -5c?
57
In base 2, what is 111001 - -10001?
1001010
In base 5, what is -1311 + 11?
-1300
In base 4, what is 10 - 1113?
-1103
In base 14, what is 3 - -c?
11
In base 10, what is -3155 + 3?
-3152
In base 14, what is 1c + 8?
26
In base 14, what is -7a - -5?
-75
In base 15, what is 2c99 + 1?
2c9a
In base 11, what is -33 - -165?
132
In base 4, what is -202 - 21?
-223
In base 12, what is 4b2 + -3?
4ab
In base 14, what is -1a0 + 2?
-19c
In base 3, what is 100 + -121211?
-121111
In base 9, what is -78 + 32?
-46
In base 9, what is -77 + -2?
-80
In base 13, what is 1 + 140?
141
In base 7, what is 21 + 2024?
2045
In base 8, what is -21 + -5?
-26
In base 5, what is 40 - 1011?
-421
In base 10, what is -16 - 20?
-36
In base 10, what is 0 + 48?
48
In base 13, what is 3 - 12?
-c
In base 4, what is -1 - 231?
-232
In base 12, what is -1 + 622?
621
In base 2, what is -111011010101 + -101?
-111011011010
In base 6, what is 44 + 54?
142
In base 6, what is 3 - -321?
324
In base 9, what is 0 + 237?
237
In base 3, what is -10101 - -110?
-2221
In base 10, what is 7 - -633?
640
In base 6, what is 25 - -13200?
13225
In base 14, what is -8 + 32?
28
In base 5, what is 40 + -240?
-200
In base 2, what is 101 + 10111111010?
10111111111
In base 4, what is -1 + 12102?
12101
In base 11, what is -4 - -2a0?
297
In base 15, what is 56a - 2?
568
In base 12, what is 4 + 20?
24
In base 9, what is 4 - 20?
-15
In base 9, what is -330 + 2?
-327
In base 5, what is 0 - 43432?
-43432
In base 9, what is 1 - -174?
175
In base 10, what is -173 - 3?
-176
In base 9, what is 5 + 683?
688
In base 14, what is -6 + -14?
-1a
In base 2, what is 10 + -10100010?
-10100000
In base 10, what is -2 - 955?
-957
In base 12, what is 17 + 0?
17
In base 8, what is -2 + -4724?
-4726
In base 13, what is 3a + 10?
4a
In base 4, what is -2 + -303210?
-303212
In base 5, what is -1 - -13223?
13222
In base 8, what is 54 - -3?
57
In base 3, what is 1 + -10111?
-10110
In base 13, what is -54 - 0?
-54
In base 14, what is -2872 + 2?
-2870
In base 6, what is -20 + 52?
32
In base 6, what is 1415 - 22?
1353
In base 6, what is 45511 - -3?
45514
In base 4, what is 10 + -203?
-133
In base 5, what is -2313 + -3?
-2321
In base 7, what is 331 - -36?
400
In base 16, what is 509 - -c?
515
In base 5, what is 4 - 13242?
-13233
In base 14, what is 1 + -1c4?
-1c3
In base 9, what is 475 + 13?
488
In base 4, what is -211 - 110?
-321
In base 15, what is 254 - 2?
252
In base 3, what is 120022 - 11?
120011
In base 15, what is -4 - b87?
-b8b
In base 9, what is 41 + -1?
40
In base 8, what is 26 - 32?
-4
In base 8, what is -4 + -2?
-6
In base 13, what is 10 + -b7a?
-b6a
In base 14, what is 3 + -765?
-762
In base 4, what is -2 + 112201?
112133
In base 6, what is -30 + 2?
-24
In base 2, what is -101 - -11100?
10111
In base 4, what is 100 - 10122?
-10022
In base 6, what is 1 - -11111?
11112
In base 14, what is -2b + 8?
-23
In base 15, what is 2 + -882?
-880
In base 14, what is -3 + 97?
94
In base 16, what is b + -a?
1
In base 10, what is 431 + -8?
423
In base 6, what is -30002 - -1?
-30001
In base 16, what is 2 - b?
-9
In base 6, what is 45 - -115?
204
In base 8, what is 33 - 24?
7
In base 10, what is -58 + -1?
-59
In base 16, what is b - 0?
b
In base 14, what is 11 - 4?
b
In base 16, what is 5 + -109?
-104
In base 16, what is 6 - c1?
-bb
In base 2, what is -11000100 - -11?
-11000001
In base 14, what is 0 - 5c?
-5c
In base 10, what is -6507 + 4?
-6503
In base 13, what is a73 - -6?
a79
In base 6, what is -1 - -110?
105
In base 12, what is -975 + -11?
-986
In base 16, what is -1773 + 0?
-1773
In base 5, what is 3 + 13?
21
In base 10, what is -2 - -177?
175
In base 8, what is -30663 - 4?
-30667
In base 12, what is 20037 + -5?
20032
In base 10, what is 11 - 32?
-21
In base 16, what is -8 + 38b?
383
In base 14, what is 247 + 5?
24c
In base 13, what is b + -57a?
-56c
In base 16, what is -1f + -9a?
-b9
In base 4, what is -32 - 1220?
-1312
In base 4, what is 21312 + 131?
22103
In base 16, what is -16 + -b?
-21
In base 16, what is -7a + 2?
-78
In base 11, what is 4 - -25?
29
In base 13, what is 823 + 1?
824
In base 15, what is -578 - -9?
-56e
In base 10, what is -1 + 128?
127
In base 15, what is -3 - 48?
-4b
In base 16, what is -5 - af?
-b4
In base 5, what is -31 - 13430?
-14011
In base 10, what is -3 - 7677?
-7680
In base 6, what is 3 + 151?
154
In base 6, what is -2 - 5?
-11
In base 13, what is 29 - -3?
2c
In base 13, what is 93 + 7?
9a
In base 15, what is -3 + -220?
-223
In base 3, what is -2201212 - 1?
-2201220
In base 15, what is -2cb3 - -4?
-2cae
In base 12, what is 6 + 28?
32
In base 4, what is -2101333 - 2?
-2102001
In base 12, what is 0 - 2794?
-2794
In base 14, what is -4 - -148?
144
In base 2, what is -1011001 + -100?
-1011101
In base 11, what is -30 - -22?
-9
In base 10, what is 200 - 7?
193
In base 14, what is -1 + -116?
-117
In base 7, what is 12305 - 5?
12300
In base 10, what is -282 + -88?
-370
In base 8, what is -5 - 1740?
-1745
In base 14, what is 0 - cb?
-cb
In base 15, what is -3 - -8e?
8b
In base 16, what is 117b + -1?
117a
In base 12, what is -ba1 - 0?
-ba1
In base 14, what is -d - 12?
-21
In base 6, what is -23155 - 1?
-23200
In base 8, what is 1335 + 0?
1335
In base 5, what is -1433 + 2?
-1431
In base 14, what is b + 1c?
29
In base 9, what is -1562 - -2?
-1560
In base 10, what is 4412 - -4?
4416
In base 2, what is -10100111 + -100010?
-11001001
In base 2, what is 1100111100010 + 10?
1100111100100
In base 10, what is 2 - 94?
-92
In base 16, what is -2 + 2606?
2604
In base 14, what is -4ac + -4?
-4b2
In base 15, what is -2 - -d?
b
In base 2, what is -10011 + -10?
-10101
In base 16, what is 92 + 4?
96
In base 11, what is 3 + -690?
-688
In base 14, what is -5d - 65?
-c4
In base 6, what is -300 + 120?
-140
In base 13, what is 48 + 1?
49
In base 15, what is 5 + 31?
36
In base 15, what is 51 - 5?
4b
In base 8, what is -7 + 34?
25
In base 14, what is -624 - -5?
-61d
In base 14, what is 2 - 808?
-806
In base 3, what is -12121 - 0?
-12121
In base 10, what is -1112 + -3?
-1115
In base 3, what is -21 - 222?
-1020
In base 12, what is 5 - -2600?
2605
In base 10, what is 117 - 235?
-118
In base 8, what is 207 - -55?
264
In base 10, what is 5 - 723?
-718
In base 5, what is -223 - 34?
-312
In base 4, what is 13 + 122032?
122111
In base 6, what is 22 + -34?
-12
In base 7, what is -5 + -116?
-124
In base 6, what is 31 + 1020?
1051
In base 14, what is 5 - -511?
516
In base 4, what is -321 + 1?
-320
In base 13, what is -15 - -b9?
a4
In base 10, what is 1 - -282?
283
In base 16, what is 2 - 90?
-8e
In base 12, what is -1 - -12?
11
In base 10, what is -1 - -8138?
8137
In base 7, what is -4641 - 6?
-4650
In base 10, what is -5 + 88?
83
In base 14, what is 15 - d?
6
In base 14, what is 33 + -11a?
-c7
In base 16, what is -2 - 8da?
-8dc
In base 12, what is 4 - -2493?
2497
In base 9, what is -8 - 0?
-8
In base 10, what is -20 + -41?
-61
In base 8, what is -5 - -222?
215
In base 11, what is 78 - 0?
78
In base 8, what is -2 - -222?
220
In base 8, what is -65 + 5?
-60
In base 10, what is -23 - -3?
-20
In base 14, what is a + 87?
93
In base 7, what is -26 - 36?
-65
In base 12, what is -3 - -7a1?
79a
In base 3, what is 1 - -22111021?
22111022
In base 10, what is 4 - 100?
-96
In base 5, what is -1 - -2023?
2022
In base 4, what is -220302 + -2?
-220310
In base 8, what is 37 - -142?
201
In base 11, what is 5 + -3182?
-3178
In base 16, what is 1 + 2?
3
In base 14, what is -11 - -a?
-5
In base 16, what is -8 - -6?
-2
In base 11, what is -1 + -1132?
-1133
In base 13, what is -3 - -876?
873
In base 5, what is -21 + 10011?
4440
In base 2, what is 0 - 101000111?
-101000111
In base 14, what is -5cd - -a?
-5c3
In base 15, what is -5 - c?
-12
In base 14, what is 18 + 115?
12d
In base